{"id":1760,"date":"2025-11-07T13:27:21","date_gmt":"2025-11-07T12:27:21","guid":{"rendered":"https:\/\/frvbue.dk\/?page_id=1760"},"modified":"2026-02-18T00:56:25","modified_gmt":"2026-02-17T23:56:25","slug":"recurve-bue","status":"publish","type":"page","link":"https:\/\/frvbue.dk\/index.php\/recurve-bue\/","title":{"rendered":"Recurve bue"},"content":{"rendered":"\t\t<div data-elementor-type=\"wp-page\" data-elementor-id=\"1760\" class=\"elementor elementor-1760\" data-elementor-settings=\"{&quot;element_pack_global_tooltip_width&quot;:{&quot;unit&quot;:&quot;px&quot;,&quot;size&quot;:&quot;&quot;,&quot;sizes&quot;:[]},&quot;element_pack_global_tooltip_width_tablet&quot;:{&quot;unit&quot;:&quot;px&quot;,&quot;size&quot;:&quot;&quot;,&quot;sizes&quot;:[]},&quot;element_pack_global_tooltip_width_mobile&quot;:{&quot;unit&quot;:&quot;px&quot;,&quot;size&quot;:&quot;&quot;,&quot;sizes&quot;:[]},&quot;element_pack_global_tooltip_padding&quot;:{&quot;unit&quot;:&quot;px&quot;,&quot;top&quot;:&quot;&quot;,&quot;right&quot;:&quot;&quot;,&quot;bottom&quot;:&quot;&quot;,&quot;left&quot;:&quot;&quot;,&quot;isLinked&quot;:true},&quot;element_pack_global_tooltip_padding_tablet&quot;:{&quot;unit&quot;:&quot;px&quot;,&quot;top&quot;:&quot;&quot;,&quot;right&quot;:&quot;&quot;,&quot;bottom&quot;:&quot;&quot;,&quot;left&quot;:&quot;&quot;,&quot;isLinked&quot;:true},&quot;element_pack_global_tooltip_padding_mobile&quot;:{&quot;unit&quot;:&quot;px&quot;,&quot;top&quot;:&quot;&quot;,&quot;right&quot;:&quot;&quot;,&quot;bottom&quot;:&quot;&quot;,&quot;left&quot;:&quot;&quot;,&quot;isLinked&quot;:true},&quot;element_pack_global_tooltip_border_radius&quot;:{&quot;unit&quot;:&quot;px&quot;,&quot;top&quot;:&quot;&quot;,&quot;right&quot;:&quot;&quot;,&quot;bottom&quot;:&quot;&quot;,&quot;left&quot;:&quot;&quot;,&quot;isLinked&quot;:true},&quot;element_pack_global_tooltip_border_radius_tablet&quot;:{&quot;unit&quot;:&quot;px&quot;,&quot;top&quot;:&quot;&quot;,&quot;right&quot;:&quot;&quot;,&quot;bottom&quot;:&quot;&quot;,&quot;left&quot;:&quot;&quot;,&quot;isLinked&quot;:true},&quot;element_pack_global_tooltip_border_radius_mobile&quot;:{&quot;unit&quot;:&quot;px&quot;,&quot;top&quot;:&quot;&quot;,&quot;right&quot;:&quot;&quot;,&quot;bottom&quot;:&quot;&quot;,&quot;left&quot;:&quot;&quot;,&quot;isLinked&quot;:true}}\" data-elementor-post-type=\"page\">\n\t\t\t\t<div class=\"elementor-element elementor-element-592fb86 e-flex e-con-boxed e-con e-parent\" data-id=\"592fb86\" data-element_type=\"container\" data-e-type=\"container\" data-settings=\"{&quot;background_background&quot;:&quot;classic&quot;}\">\n\t\t\t\t\t<div class=\"e-con-inner\">\n\t\t<div class=\"elementor-element elementor-element-0874f10 e-flex e-con-boxed elementor-invisible e-con e-child\" data-id=\"0874f10\" data-element_type=\"container\" data-e-type=\"container\" data-settings=\"{&quot;background_background&quot;:&quot;classic&quot;,&quot;animation&quot;:&quot;fadeInUp&quot;}\">\n\t\t\t\t\t<div class=\"e-con-inner\">\n\t\t\t\t<div class=\"elementor-element elementor-element-1058788 elementor-widget__width-initial elementor-widget elementor-widget-heading\" data-id=\"1058788\" data-element_type=\"widget\" data-e-type=\"widget\" data-widget_type=\"heading.default\">\n\t\t\t\t\t<h1 class=\"elementor-heading-title elementor-size-default\">Recurve buen<\/h1>\t\t\t\t<\/div>\n\t\t\t\t\t<\/div>\n\t\t\t\t<\/div>\n\t\t\t\t<div class=\"elementor-element elementor-element-196cf20 elementor-absolute elementor-widget__width-initial elementor-widget elementor-widget-heading\" data-id=\"196cf20\" data-element_type=\"widget\" data-e-type=\"widget\" data-settings=\"{&quot;_position&quot;:&quot;absolute&quot;}\" data-widget_type=\"heading.default\">\n\t\t\t\t\t<div class=\"elementor-heading-title elementor-size-default\">Recurve bue<\/div>\t\t\t\t<\/div>\n\t\t\t\t\t<\/div>\n\t\t\t\t<\/div>\n\t\t<div class=\"elementor-element elementor-element-7781f7e e-flex e-con-boxed e-con e-parent\" data-id=\"7781f7e\" data-element_type=\"container\" data-e-type=\"container\">\n\t\t\t\t\t<div class=\"e-con-inner\">\n\t\t\t\t<div class=\"elementor-element elementor-element-528d65a elementor-widget elementor-widget-spacer\" data-id=\"528d65a\" data-element_type=\"widget\" data-e-type=\"widget\" data-widget_type=\"spacer.default\">\n\t\t\t\t\t\t\t<div class=\"elementor-spacer\">\n\t\t\t<div class=\"elementor-spacer-inner\"><\/div>\n\t\t<\/div>\n\t\t\t\t\t\t<\/div>\n\t\t\t\t\t<\/div>\n\t\t\t\t<\/div>\n\t\t<div class=\"elementor-element elementor-element-9e08f10 e-flex e-con-boxed e-con e-parent\" data-id=\"9e08f10\" data-element_type=\"container\" data-e-type=\"container\">\n\t\t\t\t\t<div class=\"e-con-inner\">\n\t\t\t\t<div class=\"elementor-element elementor-element-c738f46 elementor-widget elementor-widget-text-editor\" data-id=\"c738f46\" data-element_type=\"widget\" data-e-type=\"widget\" data-widget_type=\"text-editor.default\">\n\t\t\t\t\t\t\t\t\t<p style=\"text-align: center;\"><strong data-start=\"235\" data-end=\"250\">Recurvebuen<\/strong> er den mest ikoniske og udbredte bue i moderne bueskydning \u2013 og den eneste buetype, der bruges ved <strong data-start=\"350\" data-end=\"371\">De Olympiske Lege<\/strong>.<br data-start=\"372\" data-end=\"375\" \/>Den er kendt for sin elegante form, pr\u00e6cision og den s\u00e6rlige balance mellem tradition og teknologi.<\/p>\t\t\t\t\t\t\t\t<\/div>\n\t\t\t\t\t<\/div>\n\t\t\t\t<\/div>\n\t\t<div class=\"elementor-element elementor-element-eecb3e2 e-flex e-con-boxed e-con e-parent\" data-id=\"eecb3e2\" data-element_type=\"container\" data-e-type=\"container\">\n\t\t\t\t\t<div class=\"e-con-inner\">\n\t\t<div class=\"elementor-element elementor-element-baab954 e-con-full e-flex e-con e-child\" data-id=\"baab954\" data-element_type=\"container\" data-e-type=\"container\">\n\t\t\t\t<div class=\"elementor-element elementor-element-4dda237 elementor-widget elementor-widget-heading\" data-id=\"4dda237\" data-element_type=\"widget\" data-e-type=\"widget\" data-widget_type=\"heading.default\">\n\t\t\t\t\t<h6 class=\"elementor-heading-title elementor-size-default\">Historien om recurvebuen<\/h6>\t\t\t\t<\/div>\n\t\t\t\t<div class=\"elementor-element elementor-element-ad656d0 elementor-widget elementor-widget-text-editor\" data-id=\"ad656d0\" data-element_type=\"widget\" data-e-type=\"widget\" data-widget_type=\"text-editor.default\">\n\t\t\t\t\t\t\t\t\t<p data-start=\"509\" data-end=\"815\"><b>Recurvebuen<\/b> har r\u00f8dder, der g\u00e5r tusinder af \u00e5r tilbage.<br data-start=\"564\" data-end=\"567\" \/>Allerede oldtidens folk \u2013 som <strong data-start=\"597\" data-end=\"634\">mongolerne, egypterne og perserne<\/strong> \u2013 brugte buer med de karakteristiske udadb\u00f8jede spidser.<br data-start=\"691\" data-end=\"694\" \/>Den form gav mere kraft og fart i pilen uden at kr\u00e6ve l\u00e6ngere buearme \u2013 perfekt til rytterskytter og krigere p\u00e5 farten.<\/p><p data-start=\"817\" data-end=\"1065\">I det 20. \u00e5rhundrede blev designet genopdaget og forfinet med nye materialer som lamineret tr\u00e6, glasfiber og kulfiber.<br data-start=\"935\" data-end=\"938\" \/>Resultatet blev den moderne recurvebue, som i dag bruges i b\u00e5de <strong data-start=\"1002\" data-end=\"1017\">konkurrence<\/strong>, <strong data-start=\"1019\" data-end=\"1035\">klubskydning<\/strong> og <strong data-start=\"1039\" data-end=\"1050\">tr\u00e6ning<\/strong> verden over.<\/p>\t\t\t\t\t\t\t\t<\/div>\n\t\t\t\t<\/div>\n\t\t<div class=\"elementor-element elementor-element-dc3a161 e-con-full e-flex e-con e-child\" data-id=\"dc3a161\" data-element_type=\"container\" data-e-type=\"container\">\n\t\t\t\t<div class=\"elementor-element elementor-element-9c1a1fd elementor-widget elementor-widget-image\" data-id=\"9c1a1fd\" data-element_type=\"widget\" data-e-type=\"widget\" data-widget_type=\"image.default\">\n\t\t\t\t\t\t\t\t\t\t\t\t\t\t\t<img fetchpriority=\"high\" decoding=\"async\" width=\"352\" height=\"352\" src=\"https:\/\/frvbue.dk\/wp-content\/uploads\/2025\/11\/15.jpg\" class=\"attachment-medium_large size-medium_large wp-image-1804\" alt=\"\" srcset=\"https:\/\/frvbue.dk\/wp-content\/uploads\/2025\/11\/15.jpg 352w, https:\/\/frvbue.dk\/wp-content\/uploads\/2025\/11\/15-300x300.jpg 300w, https:\/\/frvbue.dk\/wp-content\/uploads\/2025\/11\/15-150x150.jpg 150w\" sizes=\"(max-width: 352px) 100vw, 352px\" \/>\t\t\t\t\t\t\t\t\t\t\t\t\t\t\t<\/div>\n\t\t\t\t<\/div>\n\t\t\t\t\t<\/div>\n\t\t\t\t<\/div>\n\t\t<div class=\"elementor-element elementor-element-3909c79 e-flex e-con-boxed e-con e-parent\" data-id=\"3909c79\" data-element_type=\"container\" data-e-type=\"container\">\n\t\t\t\t\t<div class=\"e-con-inner\">\n\t\t<div class=\"elementor-element elementor-element-a973a55 e-con-full e-flex e-con e-child\" data-id=\"a973a55\" data-element_type=\"container\" data-e-type=\"container\">\n\t\t<div class=\"elementor-element elementor-element-c8f91cb e-con-full e-flex e-con e-child\" data-id=\"c8f91cb\" data-element_type=\"container\" data-e-type=\"container\">\n\t\t\t\t<div class=\"elementor-element elementor-element-fa1192d elementor-widget elementor-widget-image\" data-id=\"fa1192d\" data-element_type=\"widget\" data-e-type=\"widget\" data-widget_type=\"image.default\">\n\t\t\t\t\t\t\t\t\t\t\t\t\t\t\t<img decoding=\"async\" width=\"600\" height=\"600\" src=\"https:\/\/frvbue.dk\/wp-content\/uploads\/2025\/11\/recurve-bow-archery-competition-hand-vertical-people-shooting-bows-hands-bows-70349849.png\" class=\"attachment-large size-large wp-image-1787\" alt=\"\" srcset=\"https:\/\/frvbue.dk\/wp-content\/uploads\/2025\/11\/recurve-bow-archery-competition-hand-vertical-people-shooting-bows-hands-bows-70349849.png 600w, https:\/\/frvbue.dk\/wp-content\/uploads\/2025\/11\/recurve-bow-archery-competition-hand-vertical-people-shooting-bows-hands-bows-70349849-300x300.png 300w, https:\/\/frvbue.dk\/wp-content\/uploads\/2025\/11\/recurve-bow-archery-competition-hand-vertical-people-shooting-bows-hands-bows-70349849-150x150.png 150w\" sizes=\"(max-width: 600px) 100vw, 600px\" \/>\t\t\t\t\t\t\t\t\t\t\t\t\t\t\t<\/div>\n\t\t\t\t<\/div>\n\t\t\t\t<\/div>\n\t\t<div class=\"elementor-element elementor-element-381c6f0 e-con-full e-flex e-con e-child\" data-id=\"381c6f0\" data-element_type=\"container\" data-e-type=\"container\">\n\t\t\t\t<div class=\"elementor-element elementor-element-338ba64 elementor-widget elementor-widget-heading\" data-id=\"338ba64\" data-element_type=\"widget\" data-e-type=\"widget\" data-widget_type=\"heading.default\">\n\t\t\t\t\t<h6 class=\"elementor-heading-title elementor-size-default\">Hvad kendetegner en Recurvebuen?<\/h6>\t\t\t\t<\/div>\n\t\t<div class=\"elementor-element elementor-element-7022130 e-con-full e-flex e-con e-child\" data-id=\"7022130\" data-element_type=\"container\" data-e-type=\"container\">\n\t\t\t\t<div class=\"elementor-element elementor-element-610aebc elementor-widget elementor-widget-text-editor\" data-id=\"610aebc\" data-element_type=\"widget\" data-e-type=\"widget\" data-widget_type=\"text-editor.default\">\n\t\t\t\t\t\t\t\t\t<p data-start=\"1105\" data-end=\"1319\">Recurvebuen adskiller sig fra andre buer ved sine <strong data-start=\"1155\" data-end=\"1175\">b\u00f8jelige spidser<\/strong>, som \u201ckurver tilbage\u201d mod skytten.<br data-start=\"1210\" data-end=\"1213\" \/>N\u00e5r strengen tr\u00e6kkes, lagres energien mere effektivt, hvilket giver et hurtigt, stabilt og pr\u00e6cist skud.<\/p><p data-start=\"1321\" data-end=\"1599\">Den best\u00e5r typisk af tre dele: <strong data-start=\"1352\" data-end=\"1381\">midtersektionen (riseren)<\/strong> og to <strong data-start=\"1388\" data-end=\"1407\">buearme (limbs)<\/strong>, som kan udskiftes eller tilpasses efter skyttens behov.<br data-start=\"1464\" data-end=\"1467\" \/>Recurvebuer bruges b\u00e5de med og uden hj\u00e6lpemidler som sigte, stabilisator og klikker \u2013 afh\u00e6ngigt af skyttens erfaring og disciplin.<\/p><p data-start=\"1601\" data-end=\"1723\">Indend\u00f8rs skyder man normalt p\u00e5 <strong data-start=\"1633\" data-end=\"1645\">18 meter<\/strong>, mens udend\u00f8rsafstande kan v\u00e6re <strong data-start=\"1678\" data-end=\"1693\">30\u201370 meter<\/strong>, alt efter alder og niveau.<\/p>\t\t\t\t\t\t\t\t<\/div>\n\t\t\t\t<\/div>\n\t\t\t\t<\/div>\n\t\t\t\t\t<\/div>\n\t\t\t\t<\/div>\n\t\t<div class=\"elementor-element elementor-element-208bd0d e-flex e-con-boxed e-con e-parent\" data-id=\"208bd0d\" data-element_type=\"container\" data-e-type=\"container\">\n\t\t\t\t\t<div class=\"e-con-inner\">\n\t\t<div class=\"elementor-element elementor-element-1075133 e-con-full e-flex e-con e-child\" data-id=\"1075133\" data-element_type=\"container\" data-e-type=\"container\">\n\t\t\t\t<div class=\"elementor-element elementor-element-f221697 elementor-widget elementor-widget-heading\" data-id=\"f221697\" data-element_type=\"widget\" data-e-type=\"widget\" data-widget_type=\"heading.default\">\n\t\t\t\t\t<h6 class=\"elementor-heading-title elementor-size-default\">Hvorfor recurvebuen er sp\u00e6ndende<\/h6>\t\t\t\t<\/div>\n\t\t\t\t<div class=\"elementor-element elementor-element-a5036da elementor-widget elementor-widget-text-editor\" data-id=\"a5036da\" data-element_type=\"widget\" data-e-type=\"widget\" data-widget_type=\"text-editor.default\">\n\t\t\t\t\t\t\t\t\t<p data-start=\"1764\" data-end=\"1987\"><b>Recurvebuen<\/b> er sp\u00e6ndende, fordi den forener <strong data-start=\"1808\" data-end=\"1851\">klassisk h\u00e5ndv\u00e6rk med moderne pr\u00e6cision<\/strong>.<br data-start=\"1852\" data-end=\"1855\" \/>Den udfordrer b\u00e5de teknik og mental fokus \u2013 og bel\u00f8nner skytten, n\u00e5r alt spiller sammen: holdning, \u00e5ndedr\u00e6t, timing og frigivelse.<\/p><p data-start=\"1989\" data-end=\"2222\">For mange f\u00f8les recurvebuen som den perfekte balance mellem menneske og maskine.<br data-start=\"2069\" data-end=\"2072\" \/>Det er en bue, der kr\u00e6ver disciplin, men som samtidig giver en dyb tilfredsstillelse, n\u00e5r man rammer midten \u2013 ikke kun p\u00e5 skiven, men ogs\u00e5 i sindet.<\/p><p data-start=\"2224\" data-end=\"2318\">Recurvebuen er kort sagt <strong data-start=\"2249\" data-end=\"2274\">bueskydningens hjerte<\/strong>: elegant, effektiv og evigt fascinerende<\/p>\t\t\t\t\t\t\t\t<\/div>\n\t\t\t\t<\/div>\n\t\t<div class=\"elementor-element elementor-element-fbd9761 e-con-full e-flex e-con e-child\" data-id=\"fbd9761\" data-element_type=\"container\" data-e-type=\"container\">\n\t\t\t\t<div class=\"elementor-element elementor-element-d4efb2a elementor-widget elementor-widget-image\" data-id=\"d4efb2a\" data-element_type=\"widget\" data-e-type=\"widget\" data-widget_type=\"image.default\">\n\t\t\t\t\t\t\t\t\t\t\t\t\t\t\t<img decoding=\"async\" width=\"800\" height=\"536\" src=\"https:\/\/frvbue.dk\/wp-content\/uploads\/2025\/08\/Depositphotos_137899452_XL-1024x686.jpg\" class=\"attachment-large size-large wp-image-123\" alt=\"\" srcset=\"https:\/\/frvbue.dk\/wp-content\/uploads\/2025\/08\/Depositphotos_137899452_XL-1024x686.jpg 1024w, https:\/\/frvbue.dk\/wp-content\/uploads\/2025\/08\/Depositphotos_137899452_XL-300x201.jpg 300w, https:\/\/frvbue.dk\/wp-content\/uploads\/2025\/08\/Depositphotos_137899452_XL-768x514.jpg 768w, https:\/\/frvbue.dk\/wp-content\/uploads\/2025\/08\/Depositphotos_137899452_XL-1536x1028.jpg 1536w, https:\/\/frvbue.dk\/wp-content\/uploads\/2025\/08\/Depositphotos_137899452_XL-2048x1371.jpg 2048w\" sizes=\"(max-width: 800px) 100vw, 800px\" \/>\t\t\t\t\t\t\t\t\t\t\t\t\t\t\t<\/div>\n\t\t\t\t<\/div>\n\t\t\t\t\t<\/div>\n\t\t\t\t<\/div>\n\t\t\t\t<\/div>\n\t\t","protected":false},"excerpt":{"rendered":"<p>Recurve buen Recurve bue Recurvebuen er den mest ikoniske og udbredte bue i moderne bueskydning \u2013 og den eneste buetype, der bruges ved De Olympiske Lege.Den er kendt for sin [&hellip;]<\/p>\n","protected":false},"author":2,"featured_media":0,"parent":0,"menu_order":0,"comment_status":"closed","ping_status":"closed","template":"","meta":{"footnotes":""},"class_list":["post-1760","page","type-page","status-publish","hentry"],"_links":{"self":[{"href":"https:\/\/frvbue.dk\/index.php\/wp-json\/wp\/v2\/pages\/1760","targetHints":{"allow":["GET"]}}],"collection":[{"href":"https:\/\/frvbue.dk\/index.php\/wp-json\/wp\/v2\/pages"}],"about":[{"href":"https:\/\/frvbue.dk\/index.php\/wp-json\/wp\/v2\/types\/page"}],"author":[{"embeddable":true,"href":"https:\/\/frvbue.dk\/index.php\/wp-json\/wp\/v2\/users\/2"}],"replies":[{"embeddable":true,"href":"https:\/\/frvbue.dk\/index.php\/wp-json\/wp\/v2\/comments?post=1760"}],"version-history":[{"count":36,"href":"https:\/\/frvbue.dk\/index.php\/wp-json\/wp\/v2\/pages\/1760\/revisions"}],"predecessor-version":[{"id":2094,"href":"https:\/\/frvbue.dk\/index.php\/wp-json\/wp\/v2\/pages\/1760\/revisions\/2094"}],"wp:attachment":[{"href":"https:\/\/frvbue.dk\/index.php\/wp-json\/wp\/v2\/media?parent=1760"}],"curies":[{"name":"wp","href":"https:\/\/api.w.org\/{rel}","templated":true}]}}